- (-1 + 44)). What is the greatest common factor of 105 and g?
21
Suppose 2*v - 5*v = 0. Suppose -5*d - 4*m + 184 = 0, -2*m = 4*d - 146 - v. Let l = -11 + d. What is the highest common divisor of l and 5?
5
Let p = 33 - -15. Let t be (96/20)/(3/20). What is the highest common factor of t and p?
16
Let s be (26/4)/(2/4). Let r = -50 + 115. Calculate the greatest common divisor of s and r.
13
Let m be 1 + 8/1 - 1. Calculate the greatest common divisor of m and 4.
4
Let b(z) = -48*z**3 + 2*z**2 + z. Let i be b(-1). What is the greatest common factor of 7 and i?
7
Suppose -210 = 7*x - 10*x. Calculate the greatest common divisor of 20 and x.
10
Let x = 9 - -1. Let z(j) = 15*j**3 - 5*j**2 + j + 8. Let g be z(2). What is the highest common divisor of g and x?
10
Let k be ((-60)/3)/((-2)/4). Suppose 2*o - a - 42 = 6*o, -48 = 4*o - 2*a. Let d(l) = -l - 1. Let h be d(o). Calculate the greatest common divisor of k and h.
10
Suppose -40 = -0*l - 5*l. Suppose -j = -l - 6. Calculate the highest common divisor of 154 and j.
14
Let o be (-4 - -3)/((-2)/6). Let k = o - -13. What is the greatest common factor of k and 16?
16
Let i(o) = 12*o**2. Let y be i(-1). Suppose 0 = s + 2*s - 2*g - 296, -s - 3*g = -84. Calculate the highest common divisor of s and y.
12
Suppose 5 + 15 = 5*m. Let y(r) = -9 - m*r**2 + 3*r**2 + 3 + 9*r. Let i be y(7). What is the greatest common factor of i and 88?
8
Suppose 2*p + 6 = 2*a, 0 = -2*p - 3*a + 7*a - 8. Let o = p + 4. Suppose -4*q + 1 + 7 = 0. Calculate the highest common divisor of q and o.
2
Let w = 71 + -65. What is the highest common factor of w and 24?
6
Let u = 8 - 5. Suppose -u*j + j = 10, 5*j = -2*w + 47. Calculate the greatest common divisor of 24 and w.
12
Let n = 276 - 96. Calculate the greatest common factor of n and 18.
18
Let m(b) be the first derivative of 2*b**3/3 + 3*b**2/2 - 7*b + 5. Let y be m(3). Calculate the highest common divisor of y and 100.
20
Let l be 3/(-3) - (0 - (-1 - -20)). Let q be 60*(10/(-8) - -2). What is the greatest common divisor of l and q?
9
Suppose -2*k - 9 = -3*k + 2*a, -a - 8 = 3*k. Let x be 2/k - -1*53. Suppose 5*c - 4*p = -8*p + 273, -2*p = c - x. What is the highest common factor of 38 and c?
19
Let u = -203 + 215. Let i = 23 + 7. What is the greatest common divisor of i and u?
6
Suppose -3*h + 1 = -8. Let t be 9 + (-3)/(9/3). Suppose -t = h*y - 7*y. What is the highest common factor of 4 and y?
2
Let g(z) = 26*z**2 - 1. Let c be g(-1). Let b = -15 + c. Suppose -2*a + 71 + 69 = 0. Calculate the greatest common divisor of b and a.
10
Let v be 8*(3 - (-15)/(-6)). Calculate the highest common factor of 1 and v.
1
Let n(q) = q**3 - 4*q**2 + q - 2. Let i(f) = f + 1. Let d be i(3). Let x be n(d). Suppose 0 = -j - x*j + 27. Calculate the highest common factor of 3 and j.
3
Suppose 4*o + 5*b - b = 28, -4*o + 19 = -5*b. Let r be (-18)/4*(-76)/o. Suppose 2*i - 15 = r. Calculate the highest common factor of i and 12.
12
Suppose -4*w = -8, -4*d - w - 4*w = -2. Let s = d - -19. What is the highest common factor of 170 and s?
17
Suppose 0 = 5*i + 3*j - 150, -28 = 5*i + 2*j - 178. Suppose 4*x = -x + 30. Calculate the greatest common divisor of i and x.
6
Let a(c) = -7*c + 14. Let d be a(-4). What is the highest common factor of d and 14?
14
Let v(m) = -4*m**3 + m**2 + 4. Let i be v(-3). What is the highest common divisor of 11 and i?
11
Suppose -4*l = -a + 11, 3*a = 4*a - 3. Let m be (-1)/l + (-52)/(-8). Calculate the highest common factor of 7 and m.
7
Suppose -2*d + 15 + 21 = 0. What is the greatest common divisor of d and 27?
9
Suppose 0 = -5*a + a + 64. What is the greatest common divisor of 144 and a?
16
Let r = 422 + 432. Suppose 2*s = 7*n - 3*n - r, -3*s + 15 = 0. Calculate the greatest common factor of 27 and n.
27
Let c(f) = f**3 + f**2 - 2*f + 2. Let g be c(-2). What is the greatest common factor of 22 and g?
2
Let n be 2*(-2)/4 + -3. Let r be (14/(-8))/(1/n). Let z(m) = m**2 + 10*m + 37. Let b be z(-9). What is the highest common factor of b and r?
7
Suppose -s = 5*a - 3, s - 3*a = -4*s + 43. Calculate the greatest common factor of 24 and s.
8
Let g(f) = -f**3 + 15*f**2 + 2*f - 12. Let y be g(15). Let q be ((-2)/(-3))/(16/216). What is the highest common factor of q and y?
9
Suppose -4 + 16 = 6*z. What is the highest common divisor of z and 1?
1
Let q(v) = v**2 + 23*v + 52. Let l be q(-23). What is the greatest common factor of 468 and l?
52
Let p = -53 + 55. Calculate the highest common divisor of p and 16.
2
Let n be (2*55)/((-3)/(-3)). Let d(r) = r + 3. Let j be d(-4). Let s be j - (-8 + -2 - 1). Calculate the greatest common divisor of n and s.
10
Let x(h) = h + 12. Let d be x(-9). Suppose -d*w = -w - 154. What is the highest common factor of w and 11?
11
Let q be (2 + -1)/((-4)/(-20)). What is the greatest common divisor of q and 35?
5
Suppose 43 = 4*b - 9. Let m(v) = -v**2 + 14*v + 1. Let w be m(b). Suppose -n + 27 = -8. Calculate the highest common divisor of n and w.
7
Let j = 3 + -2. Let s be j/(-2)*120/(-5). Let b = 0 + 2. Calculate the greatest common factor of s and b.
2
Let r be (-91)/(-35) + (-4)/(-10). Calculate the greatest common divisor of 24 and r.
3
Suppose -x + 3*x + 173 = 5*b, 0 = -5*b + 5*x + 170. Let y(a) = 4*a**2 - 2*a + 2. Let u be y(2). Calculate the highest common divisor of u and b.
7
Suppose -2*p = -3*t + 2*p - 2, 0 = 2*t + 5*p - 14. What is the highest common divisor of 5 and t?
1
Let a(i) = -2*i**2 - 31*i - 13. Let q be a(-15). Calculate the greatest common divisor of q and 12.
2
Suppose 6*w - 3031 = -115. What is the highest common divisor of w and 54?
54
Let x be (4/6)/(6/(-27)). Let b(a) = -7*a - 3. Let d be b(x). What is the highest common factor of d and 12?
6
Suppose -v - y = 2*v - 52, -v = -2*y - 8. What is the greatest common factor of v and 8?
8
Let j = -15 + 22. Let d(b) = -b**3 + 9*b**2 + 5*b + 11. Let f be d(9). Calculate the highest common divisor of f and j.
7
Let p be 42/15 + 1/5. Suppose p*l + 2*b = b + 2, -3*b = -l - 16. Let u be l - -1 - 2 - -11. What is the highest common divisor of u and 72?
9
Let i = 93 - -111. What is the greatest common factor of 12 and i?
12
Let w = 52 - 46. Calculate the highest common factor of 24 and w.
6
Let g(j) = 5*j**2 - 15*j + 13. Let m be g(5). What is the highest common divisor of 18 and m?
9
Let m be 127 + -4 + (-6)/3. What is the greatest common factor of m and 11?
11
Let f be (4 + -9 - 3)/1. Let y = f - -10. Let w be (-2)/1*(-1 - 0). Calculate the highest common factor of w and y.
2
Let z be (2 - 0) + 2 + -2. Suppose n - 11 = -z. Calculate the greatest common factor of n and 36.
9
Let a = 37 + -24. Calculate the highest common factor of 39 and a.
13
Suppose 2*m - 1 - 7 = 0. Let h be (-12)/(-9)*(-3 + 6). What is the greatest common divisor of m and h?
4
Suppose 3*u - 4*u = -2. Suppose u*m = -4*j, -m + 9 = 3*m + 5*j. Let w be (-13)/3 - -3 - 44/(-6). What is the highest common divisor of w and m?
6
Suppose -4*w - 158 = -458. What is the greatest common factor of w and 25?
25
Suppose -3*r - 2*r - 2*n - 100 = 0, -4*n - 74 = 3*r. Let u = -10 - r. What is the greatest common divisor of u and 80?
8
Let f(k) = -4*k + 1. Let q be f(-11). Calculate the highest common factor of 15 and q.
15
Suppose -4*g + 7 = -i, 0*i - 17 = -i - 4*g. Suppose i*y - 12 + 2 = 0. Suppose 3*j - 8 = y*j. Calculate the greatest common divisor of 72 and j.
8
Suppose -4*y = -3*y - 24. Let o be y/9*(-18)/(-4). Calculate the greatest common factor of 18 and o.
6
Suppose -3*j + t = -9, j + 4*t = 13 + 3. Let z be (8/10)/(1/25). Calculate the highest common divisor of z and j.
4
Let i(l) = 1 + l**2 + 1 + 1 - 4 + l. Let z be i(2). What is the highest common divisor of 25 and z?
5
Let b(f) = f**3 + 3*f**2 + 4*f + 2. Let r be b(-2). Let m be (-2)/r - -41 - 2. What is the highest common divisor of 8 and m?
8
Let a = 19 - -5. Calculate the highest common divisor of 3 and a.
3
Let i = 247 + -124. Suppose 4*j - i = 57. What is the greatest common divisor of 5 and j?
5
Suppose 0 = -247*s + 250*s - 72. Let x(i) be the second derivative of 121*i**3/6 - i**2/2 - i. Let h be x(1). What is the highest common divisor of s and h?
24
Suppose 17 + 3 = 2*l. Suppose k = -3*i + l, -k + 9 - 2 = 2*i. Let u be (-9)/1*(0 + -1). Calculate the highest common factor o